{"id":986,"date":"2025-08-12T11:09:28","date_gmt":"2025-08-12T11:09:28","guid":{"rendered":"https:\/\/www.teapotvfx.com\/?post_type=project&#038;p=986"},"modified":"2025-08-12T14:30:33","modified_gmt":"2025-08-12T14:30:33","slug":"europeaid","status":"publish","type":"project","link":"https:\/\/www.teapotvfx.com\/sk\/project\/europeaid\/","title":{"rendered":"EuropeAid"},"content":{"rendered":"<h4 class=\"wp-block-heading\">Rok: 2015<br>Farebn\u00e9 korekcie<\/h4>\n\n\n\n<p class=\"translation-block\">Prezenta\u010dn\u00e9 dokument\u00e1rne video pre eur\u00f3psky \u00farad <em>EuropeAid<\/em> nakr\u00facala v Afrike slovensk\u00e1 re\u017eis\u00e9rka M\u00e1ria Martiniakov\u00e1. Film prin\u00e1\u0161a mno\u017estvo rozhovorov v autentickom prostred\u00ed, ktor\u00e9 zachyt\u00e1vaj\u00fa jedine\u010dn\u00fa atmosf\u00e9ru miesta. Pri farebnej korekcii sme sa zamerali na jej umocnenie \u2013 v jednotliv\u00fdch z\u00e1beroch sme pod\u010diarkli a zv\u00fdraznili farebn\u00fa \u0161k\u00e1lu, aby sme podporili vizu\u00e1lny z\u00e1mer re\u017eis\u00e9rky.<\/p>\n\n\n\n<p><\/p>","protected":false},"featured_media":1020,"template":"","project_category":[23],"class_list":["post-986","project","type-project","status-publish","has-post-thumbnail","hentry","project_category-other-projects"],"acf":[],"_links":{"self":[{"href":"https:\/\/www.teapotvfx.com\/sk\/wp-json\/wp\/v2\/project\/986","targetHints":{"allow":["GET"]}}],"collection":[{"href":"https:\/\/www.teapotvfx.com\/sk\/wp-json\/wp\/v2\/project"}],"about":[{"href":"https:\/\/www.teapotvfx.com\/sk\/wp-json\/wp\/v2\/types\/project"}],"wp:featuredmedia":[{"embeddable":true,"href":"https:\/\/www.teapotvfx.com\/sk\/wp-json\/wp\/v2\/media\/1020"}],"wp:attachment":[{"href":"https:\/\/www.teapotvfx.com\/sk\/wp-json\/wp\/v2\/media?parent=986"}],"wp:term":[{"taxonomy":"project_category","embeddable":true,"href":"https:\/\/www.teapotvfx.com\/sk\/wp-json\/wp\/v2\/project_category?post=986"}],"curies":[{"name":"wp","href":"https:\/\/api.w.org\/{rel}","templated":true}]}}

<h4 class="wp-block-heading">Rok: 2015<br>Farebné korekcie</h4>



<p class="translation-block">Prezentačné dokumentárne video pre európsky úrad <em>EuropeAid</em> nakrúcala v Afrike slovenská režisérka Mária Martiniaková. Film prináša množstvo rozhovorov v autentickom prostredí, ktoré zachytávajú jedinečnú atmosféru miesta. Pri farebnej korekcii sme sa zamerali na jej umocnenie – v jednotlivých záberoch sme podčiarkli a zvýraznili farebnú škálu, aby sme podporili vizuálny zámer režisérky.</p>



<p></p>
